{"id":1582,"date":"2022-10-05T18:41:53","date_gmt":"2022-10-05T18:41:53","guid":{"rendered":"http:\/\/tsr.edu.pl\/?page_id=1582"},"modified":"2023-11-18T17:40:28","modified_gmt":"2023-11-18T17:40:28","slug":"projekty","status":"publish","type":"page","link":"http:\/\/tsr.edu.pl\/?page_id=1582","title":{"rendered":"Projekty"},"content":{"rendered":"\n\n<div class=\"wp-block-gca-accordion accordionWrapper tabClose\" style=\"border-width:0px;border-color:#000;border-radius:3px\"><div class=\"accordionHeader\"><h4 style=\"font-size:22px;text-align:unset;color:#fff;background-color:#006d3b;padding-top:10px;padding-right:40px;padding-bottom:10px;padding-left:10px\">Konferencja pn. \u201eW trosce o dobrostan w\u0142asny i innych\u201d\u00a0<\/h4><\/div><div class=\"accordionBody\" style=\"background-color:#f7f7f7;color:#26466d;display:none\">\n<p>Data: 04.11.2023 r.<br>Miejsce: Ma\u0142opolskie Centrum Edukacji Ekologicznej w Ci\u0119\u017ckowicach<br>obejmuj\u0105ca wyk\u0142ady:<br>\u2022 Radzenie sobie ze stresem i profilaktyka wypalenia zawodowego<br>\u2022 Komunikacja wspieraj\u0105ca<\/p>\n\n\n\n<p><br>Niepubliczna Plac\u00f3wka Doskonalenia Nauczycieli \u201eTwoja Strefa Rozwoju\u201d, akredytowana<br>przez Ma\u0142opolskiego Kuratora O\u015bwiaty zorganizowa\u0142a konferencj\u0119, w kt\u00f3rej uczestniczy\u0142o<br>ponad 70 os\u00f3b z bran\u017cy edukacyjnej, tj. edukator\u00f3w, trener\u00f3w, wyk\u0142adowc\u00f3w, specjalist\u00f3w<br>i terapeut\u00f3w. Uczestnicy konferencji pn. \u201e W trosce o dobrostan w\u0142asny i innych\u201d wys\u0142uchali<br>dw\u00f3ch wyk\u0142ad\u00f3w eksperckich oraz odebrali podzi\u0119kowania za wsp\u00f3\u0142prac\u0119. Spotkanie odby\u0142o<br>si\u0119 w Ma\u0142opolskim Centrum Edukacji Ekologicznej w Ci\u0119\u017ckowicach z racji na wysokiej<br>jako\u015bci warunki logistyczne i techniczne, jakie zapewnia obiekt. Celem konferencji by\u0142o<br>podsumowanie zrealizowanych projekt\u00f3w, spotkania, rozmowy, planowanie nowych szkole\u0144,<br>projekt\u00f3w, inicjatyw wsp\u00f3lnego dzia\u0142ania oraz wzi\u0119cie udzia\u0142u w wyk\u0142adach prowadzonych<br>przez naszych zaprzyja\u017anionych specjalist\u00f3w.<\/p>\n<\/div><\/div>\n\n\n\n<div class=\"wp-block-gca-accordion accordionWrapper tabClose\" style=\"border-width:0px;border-color:#000;border-radius:3px\"><div class=\"accordionHeader\"><h4 style=\"font-size:22px;text-align:unset;color:#fff;background-color:#006d3b;padding-top:10px;padding-right:40px;padding-bottom:10px;padding-left:10px\">Projekt nr 56\/F3\/2023 pn. \u201eWykorzystanie TIK kluczem do sukcesu edukacyjnego\u201d<\/h4><\/div><div class=\"accordionBody\" style=\"background-color:#f7f7f7;color:#26466d;display:none\">\n<p>Celem Projektu jest podniesienie kompetencji 185 nauczycieli w zakresie edukacji zdalnej.<br>Cele te s\u0105 zgodne z og\u00f3lnym celem projektu ORE tj. podniesienie jako\u015bci doskonalenia<br>i wsparcia nauczycieli prowadz\u0105cych zdaln\u0105 edukacj\u0119 w przedszkolach i szko\u0142ach, przez<br>kadr\u0119 plac\u00f3wek doskonalenia nauczycieli i bibliotek pedagogicznych. Projekt ukierunkowany<br>jest na ograniczenie negatywnych skutk\u00f3w wyst\u0105pienia COVID-19 poprzez zapewnienie<br>prowadzenia edukacji na odleg\u0142o\u015b\u0107.<\/p>\n\n\n\n<p><br><strong>PRZYDATNE INFORMACJE<br><\/strong>Szkolenia b\u0119d\u0105 prowadzone metod\u0105 stacjonarn\u0105 i zdaln\u0105 w wymiarze 28 godzin<br>dydaktycznych. W przypadku wprowadzenia obostrze\u0144 w zwi\u0105zku z COVID-19 i brakiem<br>mo\u017cliwo\u015bci realizacji zaj\u0119\u0107 stacjonarnych Organizator przeprowadzi wsparcie w formie<br>zdalnej.<\/p>\n\n\n\n<p><br><strong>Program szkolenia obejmuje nast\u0119puj\u0105ce tematy:<br><\/strong><mark style=\"background-color:rgba(0, 0, 0, 0);color:#006d3b\" class=\"has-inline-color\"><strong>MODU\u0141 3.<\/strong><\/mark>&nbsp;Metodyka edukacji zdalnej 5 godz.<br><mark style=\"background-color:rgba(0, 0, 0, 0);color:#006d3b\" class=\"has-inline-color\"><strong>MODU\u0141 4<\/strong><\/mark>. Monitorowanie i ocenianie post\u0119p\u00f3w uczni\u00f3w 3 godz.<br><mark style=\"background-color:rgba(0, 0, 0, 0);color:#006d3b\" class=\"has-inline-color\"><strong>MODU\u0141 5.<\/strong><\/mark>&nbsp;Przegl\u0105d wybranych narz\u0119dzi edukacji zdalnej 3 godz.<br><mark style=\"background-color:rgba(0, 0, 0, 0);color:#006d3b\" class=\"has-inline-color\"><strong>MODU\u0141 6.<\/strong><\/mark>&nbsp;Zintegrowana Platforma Edukacyjna 5 godz.<br><mark style=\"background-color:rgba(0, 0, 0, 0);color:#006d3b\" class=\"has-inline-color\"><strong>MODU\u0141 10.<\/strong><\/mark>&nbsp;Wykorzystywanie multimedialnych zasob\u00f3w dydaktycznych 3 godz.<br><mark style=\"background-color:rgba(0, 0, 0, 0);color:#006d3b\" class=\"has-inline-color\"><strong>MODU\u0141 12.<\/strong><\/mark> Prawne aspekty edukacji zdalnej 2 godz.<br>Zaburzenia emocjonalne dzieci i m\u0142odzie\u017cy 5 godz.<\/p>\n\n\n\n<p><br>Wsparcie projektowe realizowane b\u0119dzie zgodnie ze standardami i wytycznymi O\u015brodka<br>Rozwoju Edukacji w Warszawie (ORE) obowi\u0105zuj\u0105cymi w ramach realizacji projektu pn.<br>\u201eWsparcie PDN i BP w realizacji zada\u0144 zwi\u0105zanych z przygotowaniem i wsparciem<br>nauczycieli w prowadzeniu kszta\u0142cenia na odleg\u0142o\u015b\u0107\u201d.<\/p>\n\n\n\n<p><br><strong>Organizator zapewnia wsparcie towarzysz\u0105ce zwi\u0105zane z udzia\u0142em w Projekcie:<\/strong><\/p>\n\n\n\n<ul><li>dost\u0119p do platformy edukacyjnej,<\/li><li>materia\u0142y szkoleniowe,<\/li><li>pe\u0142ne wy\u017cywienie podczas szkole\u0144 stacjonarnych (obiad i przerwy kawowe),<\/li><li>przerwy kawowe podczas indywidualnego szkolenia\/konsultacji,<\/li><li>w razie konieczno\u015bci dost\u0119p do komputera w siedzibie Organizatora podczas<\/li><li>szkole\u0144 zdalnych lub indywidualnych konsultacji.<\/li><li>udzia\u0142 w Projekcie jest bezp\u0142atny.<\/li><\/ul>\n\n\n\n<p>Projekt wsp\u00f3\u0142finansowany z bud\u017cetu pa\u0144stwa oraz ze \u015brodk\u00f3w Unii Europejskiej w ramach<br>Europejskiego Funduszu Spo\u0142ecznego i realizowany przez Organizatora w ramach projektu<br>O\u015brodka Rozwoju Edukacji w Warszawie (ORE) pn. \u201eWsparcie plac\u00f3wek doskonalenia<br>nauczycieli i bibliotek pedagogicznych w realizacji zada\u0144 zwi\u0105zanych z przygotowaniem<br>i wsparciem nauczycieli w prowadzeniu kszta\u0142cenia na odleg\u0142o\u015b\u0107\u201d z Programu Operacyjnego<br>Wiedza Edukacja Rozw\u00f3j (PO WER), O\u015b Priorytetowa II \u201eEfektywne polityki publiczne dla<br>rynku pracy, gospodarki i edukacji\u201d, Dzia\u0142anie 2.10 \u201eWysoka jako\u015b\u0107 systemu o\u015bwiaty\u201d.<\/p>\n\n\n\n<p><strong>Pliki do pobrania :<\/strong><\/p>\n\n\n\n<div class=\"wp-block-file\"><a id=\"wp-block-file--media-e31d01bf-170a-4d03-9412-4f33ed1cc2ff\" href=\"http:\/\/tsr.edu.pl\/wp-content\/uploads\/2023\/11\/Oswiadczenie-RODO-TSR-56.pdf\">Oswiadczenie-RODO-TSR-56<\/a><a href=\"http:\/\/tsr.edu.pl\/wp-content\/uploads\/2023\/11\/Oswiadczenie-RODO-TSR-56.pdf\" class=\"wp-block-file__button\" download aria-describedby=\"wp-block-file--media-e31d01bf-170a-4d03-9412-4f33ed1cc2ff\">Pobierz<\/a><\/div>\n\n\n\n<div class=\"wp-block-file\"><a id=\"wp-block-file--media-fec3e3d8-fd90-4997-808a-9383295e8fc4\" href=\"http:\/\/tsr.edu.pl\/wp-content\/uploads\/2023\/11\/Formularz-zgloszeniowy-TSR-56.pdf\">Formularz-zgloszeniowy-TSR-56<\/a><a href=\"http:\/\/tsr.edu.pl\/wp-content\/uploads\/2023\/11\/Formularz-zgloszeniowy-TSR-56.pdf\" class=\"wp-block-file__button\" download aria-describedby=\"wp-block-file--media-fec3e3d8-fd90-4997-808a-9383295e8fc4\">Pobierz<\/a><\/div>\n\n\n\n<div class=\"wp-block-file\"><a id=\"wp-block-file--media-56dfc7af-0639-4626-888e-c7b010097b93\" href=\"http:\/\/tsr.edu.pl\/wp-content\/uploads\/2023\/11\/Regulamin-rekrutacji-i-udzialu-w-projekcie-TSR-56-F3-2023.pdf\">Regulamin-rekrutacji-i-udzialu-w-projekcie-TSR-56-F3-2023<\/a><a href=\"http:\/\/tsr.edu.pl\/wp-content\/uploads\/2023\/11\/Regulamin-rekrutacji-i-udzialu-w-projekcie-TSR-56-F3-2023.pdf\" class=\"wp-block-file__button\" download aria-describedby=\"wp-block-file--media-56dfc7af-0639-4626-888e-c7b010097b93\">Pobierz<\/a><\/div>\n<\/div><\/div>\n\n\n\n\n\n<div class=\"wp-block-gca-accordion accordionWrapper tabClose\" style=\"border-width:0px;border-color:#000;border-radius:3px\"><div class=\"accordionHeader\"><h4 style=\"font-size:22px;text-align:unset;color:#fff;background-color:#006d3b;padding-top:10px;padding-right:40px;padding-bottom:10px;padding-left:10px\">Projekt nr 14\/F3\/2023 pn. \u201eEfektywna nauka zdalna kluczem do sukcesu ma\u0142opolskich uczni\u00f3w\u201d<\/h4><\/div><div class=\"accordionBody\" style=\"background-color:#f7f7f7;color:#26466d;display:none\">\n<p>Celem Projektu jest podniesienie kompetencji 172 nauczycieli w zakresie edukacji zdalnej.<br>Cele te s\u0105 zgodne z og\u00f3lnym celem projektu ORE tj. podniesienie jako\u015bci doskonalenia<br>i wsparcia nauczycieli prowadz\u0105cych zdaln\u0105 edukacj\u0119 w przedszkolach i szko\u0142ach, przez<br>kadr\u0119 plac\u00f3wek doskonalenia nauczycieli i bibliotek pedagogicznych. Projekt ukierunkowany<br>jest na ograniczenie negatywnych skutk\u00f3w wyst\u0105pienia COVID-19 poprzez zapewnienie<br>prowadzenia edukacji na odleg\u0142o\u015b\u0107.<\/p>\n\n\n\n<p><br><strong>PRZYDATNE INFORMACJE<br><\/strong>Szkolenia b\u0119d\u0105 prowadzone metod\u0105 stacjonarn\u0105 i zdaln\u0105 w wymiarze 23 godzin<br>dydaktycznych. W przypadku wprowadzenia obostrze\u0144 w zwi\u0105zku z COVID-19 i brakiem<br>mo\u017cliwo\u015bci realizacji zaj\u0119\u0107 stacjonarnych Organizator przeprowadzi wsparcie w formie<br>zdalnej.<\/p>\n\n\n\n<p><br><strong>Program szkolenia obejmuje nast\u0119puj\u0105ce modu\u0142y:<\/strong><\/p>\n\n\n\n<p><mark style=\"background-color:rgba(0, 0, 0, 0);color:#006d3b\" class=\"has-inline-color\"><strong>MODU\u0141 1.<\/strong><\/mark>\u00a0Psychospo\u0142eczne aspekty edukacji zdalnej 5 godz.<br><mark style=\"background-color:rgba(0, 0, 0, 0);color:#006d3b\" class=\"has-inline-color\"><strong>MODU\u0141 3.<\/strong><\/mark>\u00a0Metodyka edukacji zdalnej 5 godz.<br><mark style=\"background-color:rgba(0, 0, 0, 0);color:#006d3b\" class=\"has-inline-color\"><strong>MODU\u0141 5.<\/strong><\/mark>\u00a0Przegl\u0105d wybranych narz\u0119dzi edukacji zdalnej 3 godz.<br><mark style=\"background-color:rgba(0, 0, 0, 0);color:#006d3b\" class=\"has-inline-color\"><strong>MODU\u0141 6.<\/strong><\/mark>\u00a0Zintegrowana Platforma Edukacyjna 5 godz.<br><mark style=\"background-color:rgba(0, 0, 0, 0);color:#006d3b\" class=\"has-inline-color\"><strong>MODU\u0141 10.<\/strong><\/mark>\u00a0Wykorzystywanie multimedialnych zasob\u00f3w dydaktycznych 3 godz.<br><mark style=\"background-color:rgba(0, 0, 0, 0);color:#006d3b\" class=\"has-inline-color\"><strong>MODU\u0141 12.<\/strong><\/mark> Prawne aspekty edukacji zdalnej 2 godz.<\/p>\n\n\n\n<p><br>Wsparcie projektowe realizowane b\u0119dzie zgodnie ze standardami i wytycznymi O\u015brodka<br>Rozwoju Edukacji w Warszawie (ORE) obowi\u0105zuj\u0105cymi w ramach realizacji projektu pn.<br>\u201eWsparcie PDN i BP w realizacji zada\u0144 zwi\u0105zanych z przygotowaniem i wsparciem<br>nauczycieli w prowadzeniu kszta\u0142cenia na odleg\u0142o\u015b\u0107\u201d.<\/p>\n\n\n\n<p><br><strong>Organizator zapewnia wsparcie towarzysz\u0105ce zwi\u0105zane z udzia\u0142em w Projekcie:<\/strong><\/p>\n\n\n\n<ul><li>dost\u0119p do platformy edukacyjnej,<\/li><li>materia\u0142y szkoleniowe,<\/li><li>pe\u0142ne wy\u017cywienie podczas szkole\u0144 stacjonarnych (obiad i przerwy kawowe),<\/li><li>przerwy kawowe podczas indywidualnego szkolenia\/konsultacji,<\/li><li>w razie konieczno\u015bci dost\u0119p do komputera w siedzibie Organizatora podczas<\/li><li>szkole\u0144 zdalnych lub indywidualnych konsultacji.<\/li><li>udzia\u0142 w Projekcie jest bezp\u0142atny.<\/li><\/ul>\n\n\n\n<p>Projekt wsp\u00f3\u0142finansowany z bud\u017cetu pa\u0144stwa oraz ze \u015brodk\u00f3w Unii Europejskiej w ramach<br>Europejskiego Funduszu Spo\u0142ecznego i realizowany przez Organizatora w ramach projektu<br>O\u015brodka Rozwoju Edukacji w Warszawie (ORE) pn. \u201eWsparcie plac\u00f3wek doskonalenia<br>nauczycieli i bibliotek pedagogicznych w realizacji zada\u0144 zwi\u0105zanych z przygotowaniem<br>i wsparciem nauczycieli w prowadzeniu kszta\u0142cenia na odleg\u0142o\u015b\u0107\u201d z Programu Operacyjnego<br>Wiedza Edukacja Rozw\u00f3j (PO WER), O\u015b Priorytetowa II \u201eEfektywne polityki publiczne dla<br>rynku pracy, gospodarki i edukacji\u201d, Dzia\u0142anie 2.10 \u201eWysoka jako\u015b\u0107 systemu o\u015bwiaty\u201d.<\/p>\n\n\n\n<p><strong>Pliki do pobrania :<\/strong><\/p>\n\n\n\n<div class=\"wp-block-file\"><a id=\"wp-block-file--media-f34d39c7-810b-422a-aff9-7d41f7810c27\" href=\"http:\/\/tsr.edu.pl\/wp-content\/uploads\/2023\/11\/Regulamin-rekrutacji-i-udzialu-w-projekcie-14-F3-2023.pdf\">Regulamin-rekrutacji-i-udzialu-w-projekcie-14-F3-2023<\/a><a href=\"http:\/\/tsr.edu.pl\/wp-content\/uploads\/2023\/11\/Regulamin-rekrutacji-i-udzialu-w-projekcie-14-F3-2023.pdf\" class=\"wp-block-file__button\" download aria-describedby=\"wp-block-file--media-f34d39c7-810b-422a-aff9-7d41f7810c27\">Pobierz<\/a><\/div>\n\n\n\n<div class=\"wp-block-file\"><a id=\"wp-block-file--media-38f3c085-8f75-44c7-8da1-c2c623506408\" href=\"http:\/\/tsr.edu.pl\/wp-content\/uploads\/2023\/11\/Formularz-zgloszeniowy-TSR.pdf\">Formularz-zgloszeniowy-TSR<\/a><a href=\"http:\/\/tsr.edu.pl\/wp-content\/uploads\/2023\/11\/Formularz-zgloszeniowy-TSR.pdf\" class=\"wp-block-file__button\" download aria-describedby=\"wp-block-file--media-38f3c085-8f75-44c7-8da1-c2c623506408\">Pobierz<\/a><\/div>\n\n\n\n<div class=\"wp-block-file\"><a id=\"wp-block-file--media-c2f55dc9-de09-46d3-a0c3-c715acc168c8\" href=\"http:\/\/tsr.edu.pl\/wp-content\/uploads\/2023\/11\/Oswiadczenie-RODO-TSR.pdf\">Oswiadczenie-RODO-TSR<\/a><a href=\"http:\/\/tsr.edu.pl\/wp-content\/uploads\/2023\/11\/Oswiadczenie-RODO-TSR.pdf\" class=\"wp-block-file__button\" download aria-describedby=\"wp-block-file--media-c2f55dc9-de09-46d3-a0c3-c715acc168c8\">Pobierz<\/a><\/div>\n<\/div><\/div>\n\n\n\n<div class=\"wp-block-gca-accordion accordionWrapper tabClose\" style=\"border-width:0px;border-color:#000;border-radius:3px\"><div class=\"accordionHeader\"><h4 style=\"font-size:22px;text-align:unset;color:#fff;background-color:#006d3b;padding-top:10px;padding-right:40px;padding-bottom:10px;padding-left:10px\">Projekt \u201eEfektywna nauka zdalna kluczem do sukcesu ma\u0142opolskich uczni\u00f3w\u201d<\/h4><\/div><div class=\"accordionBody\" style=\"background-color:#f7f7f7;color:#26466d;display:none\">\n<p>Celem Projektu jest podniesienie kompetencji 152 nauczycieli w zakresie edukacji zdalnej. Cele te s\u0105<br>zgodne z og\u00f3lnym celem projektu ORE tj. podniesienie jako\u015bci doskonalenia i wsparcia nauczycieli<br>prowadz\u0105cych zdaln\u0105 edukacj\u0119 w przedszkolach i szko\u0142ach, przez kadr\u0119 plac\u00f3wek doskonalenia<br>nauczycieli i bibliotek pedagogicznych. Projekt ukierunkowany jest na ograniczenie negatywnych<br>skutk\u00f3w wyst\u0105pienia COVID-19 poprzez zapewnienie prowadzenia edukacji na odleg\u0142o\u015b\u0107.<\/p>\n\n\n\n<div style=\"height:15px\" aria-hidden=\"true\" class=\"wp-block-spacer\"><\/div>\n\n\n\n<p><strong>PRZYDATNE INFORMACJE<\/strong><br>Szkolenia b\u0119d\u0105 prowadzone metod\u0105 stacjonarn\u0105 i zdaln\u0105 w wymiarze 30 godzin dydaktycznych (z<br>czego min. 50% w formie zdalnej). W przypadku wprowadzenia obostrze\u0144 w zwi\u0105zku z COVID-19 i<br>brakiem mo\u017cliwo\u015bci realizacji zaj\u0119\u0107 stacjonarnych Organizator przeprowadzi wsparcie w formie<br>zdalnej.<\/p>\n\n\n\n<div style=\"height:15px\" aria-hidden=\"true\" class=\"wp-block-spacer\"><\/div>\n\n\n\n<p><strong>Program szkolenia obejmuje nast\u0119puj\u0105ce modu\u0142y:<\/strong><\/p>\n\n\n\n<p><mark style=\"background-color:rgba(0, 0, 0, 0);color:#006d3b\" class=\"has-inline-color\"><strong>MODU\u0141 1.<\/strong><\/mark> Psychospo\u0142eczne aspekty edukacji zdalnej 5 godz.<br><mark style=\"background-color:rgba(0, 0, 0, 0);color:#006d3b\" class=\"has-inline-color\"><strong>MODU\u0141 2.<\/strong><\/mark> Organizacja procesu kszta\u0142cenia i wychowania 5 godz.<br><mark style=\"background-color:rgba(0, 0, 0, 0);color:#006d3b\" class=\"has-inline-color\"><strong>MODU\u0141 3.<\/strong><\/mark> Metodyka edukacji zdalnej 5 godz.<br><mark style=\"background-color:rgba(0, 0, 0, 0);color:#006d3b\" class=\"has-inline-color\"><strong>MODU\u0141 4.<\/strong><\/mark> Monitorowanie i ocenianie post\u0119p\u00f3w uczni\u00f3w w edukacji zdalnej 3 godz.<br><mark style=\"background-color:rgba(0, 0, 0, 0);color:#006d3b\" class=\"has-inline-color\"><strong>MODU\u0141 5.<\/strong><\/mark> Przegl\u0105d wybranych narz\u0119dzi edukacji zdalnej 5 godz.<br><mark style=\"background-color:rgba(0, 0, 0, 0);color:#006d3b\" class=\"has-inline-color\"><strong>MODU\u0141 6.<\/strong><\/mark> Zintegrowana Platforma Edukacyjna 5 godz.<br><mark style=\"background-color:rgba(0, 0, 0, 0);color:#006d3b\" class=\"has-inline-color\"><strong>MODU\u0141 7.<\/strong><\/mark> Multimedialne zasoby edukacyjne 2 godz.<\/p>\n\n\n\n<p><br>Wsparcie projektowe realizowane b\u0119dzie zgodnie ze standardami i wytycznymi O\u015brodka Rozwoju<br>Edukacji w Warszawie (ORE) obowi\u0105zuj\u0105cymi w ramach realizacji projektu pn. \u201eWsparcie PDN i BP w<br>realizacji zada\u0144 zwi\u0105zanych z przygotowaniem i wsparciem nauczycieli w prowadzeniu kszta\u0142cenia na<br>odleg\u0142o\u015b\u0107\u201d.<\/p>\n\n\n\n<div style=\"height:14px\" aria-hidden=\"true\" class=\"wp-block-spacer\"><\/div>\n\n\n\n<p><strong>Organizator zapewnia wsparcie towarzysz\u0105ce zwi\u0105zane z udzia\u0142em w Projekcie:<\/strong><\/p>\n\n\n\n<ul><li>dost\u0119p do platformy edukacyjnej,<\/li><li>materia\u0142y szkoleniowe,<\/li><li>pe\u0142ne wy\u017cywienie podczas szkole\u0144 stacjonarnych (obiad i przerwy kawowe),<\/li><li>przerwy kawowe podczas indywidualnego szkolenia\/konsultacji,<\/li><li>w razie konieczno\u015bci dost\u0119p do komputera w siedzibie Organizatora podczas szkole\u0144 zdalnych lub indywidualnych konsultacji.<\/li><li>udzia\u0142 w Projekcie jest bezp\u0142atny.<\/li><\/ul>\n\n\n\n<p>Projekt wsp\u00f3\u0142finansowany z bud\u017cetu pa\u0144stwa oraz ze \u015brodk\u00f3w Unii Europejskiej w ramach<br>Europejskiego Funduszu Spo\u0142ecznego i realizowany przez Organizatora w ramach projektu O\u015brodka<br>Rozwoju Edukacji w Warszawie (ORE) pn. \u201e Wsparcie plac\u00f3wek doskonalenia nauczycieli i bibliotek<br>pedagogicznych w realizacji zada\u0144 zwi\u0105zanych z przygotowaniem i wsparciem nauczycieli w<br>prowadzeniu kszta\u0142cenia na odleg\u0142o\u015b\u0107\u201d z Programu Operacyjnego Wiedza Edukacja Rozw\u00f3j (PO WER),<br>O\u015b Priorytetowa II \u201eEfektywne polityki publiczne dla rynku pracy, gospodarki i edukacji\u201d, Dzia\u0142anie<br>2.10 \u201eWysoka jako\u015b\u0107 systemu o\u015bwiaty\u201d.<\/p>\n\n\n\n<p><strong>Pliki do pobrania :<\/strong><\/p>\n\n\n\n<div class=\"wp-block-file\"><a id=\"wp-block-file--media-f1d40a78-ec25-4251-8cfe-11749986fadc\" href=\"http:\/\/tsr.edu.pl\/wp-content\/uploads\/2022\/03\/Formularz-zgloszeniowy-TSR.docx\">Formularz zg\u0142oszeniowy TSR<\/a><a href=\"http:\/\/tsr.edu.pl\/wp-content\/uploads\/2022\/03\/Formularz-zgloszeniowy-TSR.docx\" class=\"wp-block-file__button\" download aria-describedby=\"wp-block-file--media-f1d40a78-ec25-4251-8cfe-11749986fadc\">Pobierz<\/a><\/div>\n\n\n\n<div class=\"wp-block-file\"><a id=\"wp-block-file--media-938be2e3-34a7-46f9-b2a0-ada77a68ef13\" href=\"http:\/\/tsr.edu.pl\/wp-content\/uploads\/2022\/03\/Oswiadczenie-RODO-TSR.docx\">O\u015bwiadczenie RODO TSR<\/a><a href=\"http:\/\/tsr.edu.pl\/wp-content\/uploads\/2022\/03\/Oswiadczenie-RODO-TSR.docx\" class=\"wp-block-file__button\" download aria-describedby=\"wp-block-file--media-938be2e3-34a7-46f9-b2a0-ada77a68ef13\">Pobierz<\/a><\/div>\n\n\n\n<div class=\"wp-block-file\"><a id=\"wp-block-file--media-1b901671-2056-48c3-978f-54adccd2c2e9\" href=\"http:\/\/tsr.edu.pl\/wp-content\/uploads\/2022\/03\/Regulamin-rekrutacji-i-udzialu-w-projekcie-TSR.doc\">Regulamin rekrutacji i udzialu w projekcie TSR<\/a><a href=\"http:\/\/tsr.edu.pl\/wp-content\/uploads\/2022\/03\/Regulamin-rekrutacji-i-udzialu-w-projekcie-TSR.doc\" class=\"wp-block-file__button\" download aria-describedby=\"wp-block-file--media-1b901671-2056-48c3-978f-54adccd2c2e9\">Pobierz<\/a><\/div>\n<\/div><\/div>\n\n\n\n\n<div style=\"height:29px\" aria-hidden=\"true\" class=\"wp-block-spacer\"><\/div>\n\n\n\n<div style=\"height:100px\" aria-hidden=\"true\" class=\"wp-block-spacer\"><\/div>\n\n\n\n<figure class=\"wp-block-gallery has-nested-images columns-default is-cropped\">\n<figure class=\"wp-block-image size-large\"><img loading=\"lazy\" width=\"592\" height=\"170\" data-id=\"1646\"  src=\"http:\/\/tsr.edu.pl\/wp-content\/uploads\/2022\/11\/fundusze_europejskie.png\" alt=\"\" class=\"wp-image-1646\" srcset=\"http:\/\/tsr.edu.pl\/wp-content\/uploads\/2022\/11\/fundusze_europejskie.png 592w, http:\/\/tsr.edu.pl\/wp-content\/uploads\/2022\/11\/fundusze_europejskie-300x86.png 300w\" sizes=\"(max-width: 592px) 100vw, 592px\" \/><\/figure>\n\n\n\n<figure class=\"wp-block-image size-large\"><img loading=\"lazy\" width=\"592\" height=\"170\" data-id=\"1645\"  src=\"http:\/\/tsr.edu.pl\/wp-content\/uploads\/2022\/11\/rzeczpospolita_polska.png\" alt=\"\" class=\"wp-image-1645\" srcset=\"http:\/\/tsr.edu.pl\/wp-content\/uploads\/2022\/11\/rzeczpospolita_polska.png 592w, http:\/\/tsr.edu.pl\/wp-content\/uploads\/2022\/11\/rzeczpospolita_polska-300x86.png 300w\" sizes=\"(max-width: 592px) 100vw, 592px\" \/><\/figure>\n\n\n\n<figure class=\"wp-block-image size-large\"><img loading=\"lazy\" width=\"592\" height=\"170\" data-id=\"1644\"  src=\"http:\/\/tsr.edu.pl\/wp-content\/uploads\/2022\/11\/fundusz_spoleczny_eu.png\" alt=\"\" class=\"wp-image-1644\" srcset=\"http:\/\/tsr.edu.pl\/wp-content\/uploads\/2022\/11\/fundusz_spoleczny_eu.png 592w, http:\/\/tsr.edu.pl\/wp-content\/uploads\/2022\/11\/fundusz_spoleczny_eu-300x86.png 300w\" sizes=\"(max-width: 592px) 100vw, 592px\" \/><\/figure>\n<\/figure>\n\n\n\n<p><\/p>\n","protected":false},"excerpt":{"rendered":"","protected":false},"author":2,"featured_media":0,"parent":0,"menu_order":0,"comment_status":"closed","ping_status":"closed","template":"","meta":[],"_links":{"self":[{"href":"http:\/\/tsr.edu.pl\/index.php?rest_route=\/wp\/v2\/pages\/1582"}],"collection":[{"href":"http:\/\/tsr.edu.pl\/index.php?rest_route=\/wp\/v2\/pages"}],"about":[{"href":"http:\/\/tsr.edu.pl\/index.php?rest_route=\/wp\/v2\/types\/page"}],"author":[{"embeddable":true,"href":"http:\/\/tsr.edu.pl\/index.php?rest_route=\/wp\/v2\/users\/2"}],"replies":[{"embeddable":true,"href":"http:\/\/tsr.edu.pl\/index.php?rest_route=%2Fwp%2Fv2%2Fcomments&post=1582"}],"version-history":[{"count":64,"href":"http:\/\/tsr.edu.pl\/index.php?rest_route=\/wp\/v2\/pages\/1582\/revisions"}],"predecessor-version":[{"id":1917,"href":"http:\/\/tsr.edu.pl\/index.php?rest_route=\/wp\/v2\/pages\/1582\/revisions\/1917"}],"wp:attachment":[{"href":"http:\/\/tsr.edu.pl\/index.php?rest_route=%2Fwp%2Fv2%2Fmedia&parent=1582"}],"curies":[{"name":"wp","href":"https:\/\/api.w.org\/{rel}","templated":true}]}}